 -g - z + 6*z - 21 = 0. Suppose -7 = i - 4*i - g*v, -v + 1 = 0. Calculate the remainder when i is divided by 1.
0
Let t(a) = a**3 + 14*a**2 - a - 12. Let j be t(-14). Suppose 5*v = j*v + 18. Calculate the remainder when 11 is divided by v.
5
Suppose 0 = 5*a + c + 4, a - 6 = c - 2. Let d be (-2 + (2 - a))/(-1). Suppose -3*b - 62 + 227 = d. What is the remainder when b is divided by 19?
17
Let z(g) = 2*g**2 - 6*g + 7. Let x be 1 - 7 - 4/(-4). Let i = x - -9. Calculate the remainder when z(3) is divided by i.
3
Calculate the remainder when ((-396)/(-10))/(18/45) is divided by 20.
19
Suppose k = -2*o + 8, 2*k + 8*o - 3*o - 21 = 0. Let t be (-172)/(-14) + k/7. Let d = t - 7. What is the remainder when 13 is divided by d?
3
Let d(g) = 2*g - 1. Let i be d(-2). Let z(x) = x**3 + 6*x**2 + 3*x + 4. What is the remainder when ((-54)/(-8))/(2/8) is divided by z(i)?
13
Suppose -9*o = -87 - 30. What is the remainder when 25 is divided by o?
12
Let q = -19 + 35. What is the remainder when 44 is divided by q?
12
Suppose 91 = 2*y + 27. Calculate the remainder when y is divided by 18.
14
Suppose 5 - 3 = 2*d. Suppose -w - 4 = -3*w. Calculate the remainder when 2 - -25 - (w - d) is divided by 9.
8
Suppose 2*t + 3*t = -2*f + 37, 26 = 2*t - 2*f. Calculate the remainder when 25 is divided by t.
7
Let k = -4 + 7. Let h be ((-75)/20)/(k/(-16)). Suppose q - h = -q. Calculate the remainder when 29 is divided by q.
9
Suppose 5*x - 43 = 52. Calculate the remainder when 55 is divided by x.
17
Let s = 9 + -8. Suppose 2*i - s = -13. Let j(o) = -o - 2. What is the remainder when 11 is divided by j(i)?
3
Let u(n) = -2*n**2 + 24*n - 7. What is the remainder when 112 is divided by u(8)?
55
Suppose -6*j = -11*j + 10. Suppose -j*d + 7*d = 30. What is the remainder when d is divided by 2?
0
Let t(f) = -f**3 - 2*f**2 + 6*f + 1. Calculate the remainder when 15 is divided by t(-4).
6
Let g(i) = i**2 + 19*i - 14. Calculate the remainder when 165 is divided by g(-21).
25
Suppose 0 = -3*y + 2*y + 69. Calculate the remainder when y is divided by 18.
15
Let v(p) = p + 4. Let i be v(-5). Calculate the remainder when ((-3)/9)/(i/114) is divided by 15*(2 + (-2)/3).
18
Suppose f - 45 + 9 = 0. Let d = -21 + 40. What is the remainder when f is divided by d?
17
Let i = -21 - -48. Calculate the remainder when 51 is divided by i.
24
Let j = 35 - 7. What is the remainder when 82 is divided by j?
26
Let a(j) = j + 0 + 7 - 9. Calculate the remainder when 20 is divided by a(9).
6
Suppose 4*h - 10 = 2*p, p - 1 = -h - 0. What is the remainder when h is divided by 1?
0
Suppose 3*d = 18 + 21. Suppose -4*v = -4, -a = -0*v + 2*v - 53. Calculate the remainder when a is divided by d.
12
Suppose 6*o - 295 = 197. Calculate the remainder when o is divided by 22.
16
Let a = 85 + -42. Calculate the remainder when a is divided by 11.
10
Calculate the remainder when 119 is divided by -4 + 46 + (-12)/6.
39
Suppose 3*t = -3*q, 0 = -t + 5*t + 8. Calculate the remainder when 9 is divided by q.
1
Suppose 0 = -19*p + 17*p + 118. What is the remainder when p is divided by 16?
11
Suppose 5*q = m - 33, -4*m - 2*q = -2*m - 6. What is the remainder when 30 is divided by m?
6
Let s = 176 - 76. Suppose m + m = s. Suppose 5*t + 3*v - 101 = -31, 4*t + 4*v = 48. What is the remainder when m is divided by t?
16
Calculate the remainder when 1 - 0 - (-2 + -3)*4 is divided by 6.
3
Suppose -2*x + 4 = 4*p - 0*p, -2*p = 0. What is the remainder when 7 is divided by x?
1
Suppose 16*d - 740 = 412. Calculate the remainder when d is divided by 38.
34
Suppose u = 2*u - j - 30, -4*u + 5*j = -118. Suppose 2*g + 2*d - 39 = -3*d, -70 = -4*g - 2*d. Calculate the remainder when u is divided by g.
15
What is the remainder when (-1*(4 - 2))/(-2) is divided by (-4)/(-18) - (-14)/18?
0
Suppose -k + 0*k = -2. Suppose -k*q = -1 - 13. Let f = 0 + q. Calculate the remainder when 12 is divided by f.
5
Let b(r) = -8*r - 1. Let l be 6/4 - (-45)/(-6). Let c = 18 + l. Calculate the remainder when c is divided by b(-1).
5
Calculate the remainder when 25 is divided by -12*(-2)/(-16)*-6.
7
Suppose 0 = 5*h - 21 - 19. Let n be 1/4 - (-105)/(-84). Calculate the remainder when -1 - (n + (-16 - -1)) is divided by h.
7
Suppose 135 = 7*v - 2*v. Calculate the remainder when v is divided by 15.
12
Suppose -6*b + 87 = -27. Suppose 5*j = 3*n - 101, -4*j + 29 = n - 16. Calculate the remainder when n is divided by b.
18
Let f be (-1)/(-6) + (-382)/(-12). Suppose -3*q + 31 = k, 5*k + 13 = 5*q - f. Calculate the remainder when q is divided by 4.
2
Let y(c) = 5*c**3 - 20*c**2 + 12*c - 3. Let f(k) = -2*k**3 + 7*k**2 - 4*k + 1. Let g(o) = -8*f(o) - 3*y(o). Calculate the remainder when 50 is divided by g(-4).
16
Let v = 138 - 127. What is the remainder when 42 is divided by v?
9
Calculate the remainder when (-65)/2*70/(-25) is divided by 16.
11
Let d be 1 - -20 - (-3 - -5). Let h = -10 + d. Calculate the remainder when h is divided by 5.
4
Let c = 4 - 2. Suppose 36 = c*h + h. What is the remainder when 21 is divided by h?
9
Suppose 0 = -2*b - b + 60. Suppose 0 = -5*i + 2*i - 15. Let l = i - -12. Calculate the remainder when b is divided by l.
6
Suppose l + 24 - 60 = 0. Let n = l - 25. Suppose -4*r + 3*x + 127 = 0, 6*x - 2*x + 4 = 0. Calculate the remainder when r is divided by n.
9
Let u = 4 - -108. What is the remainder when u is divided by 23?
20
Suppose 2 = 2*a - 5*j - 5, 3*a - 4*j = 21. Calculate the remainder when 64 is divided by a.
9
Let l(o) = 4*o - 5. Let r(h) = -11*h + 14. Let q(j) = 8*l(j) + 3*r(j). Calculate the remainder when q(-6) is divided by 3.
2
Suppose -4*d + 2*d + 8 = 0. Calculate the remainder when 9 is divided by d.
1
Let c be (-3 + 5 + 0)/(-2). What is the remainder when -37*(-2)/6*3 is divided by 114/9 + c/(-3)?
11
Let b = 2 + -6. Calculate the remainder when (1 - 3) + 1 - b is divided by (-22)/(-33)*(-3)/(-2).
0
Suppose 0 = 6*i - 7 - 5. Calculate the remainder when 6 is divided by i.
0
Suppose 2*x - 17 - 4 = -5*q, 3*x + 6 = 5*q. Suppose 4*h + 64 = q*o, 2*h - 12 = -o - 4. Calculate the remainder when 45 is divided by o.
13
Let x = -41 + 50. Let q = -4 - -7. Calculate the remainder when x is divided by q.
0
Suppose -4*d = -0*d. Suppose 0*p + 8 = -2*p, -3*t + 192 = -3*p. Suppose 2*g + g - t = d. What is the remainder when 39 is divided by g?
19
Suppose 4*y - 28 - 27 = 3*m, m + 55 = 5*y. Calculate the remainder when 27 is divided by y.
7
Let p = -13 - -19. What is the remainder when 22 is divided by p?
4
Let g be 1*-2 - (0 + -12). Let b(t) = -t**3 + 5*t**2 + t + 1. Calculate the remainder when b(5) is divided by (4/g)/(2/20).
2
Let o(m) = -m**3 - 14*m**2 - 27*m - 13. Calculate the remainder when 89 is divided by o(-12).
20
Let r = 19 + -14. Suppose r*j = 121 + 34. Calculate the remainder when 90 is divided by j.
28
Suppose g - q + 9 = 0, 0 = 5*g - 4*q + 30 + 12. Let z(k) = -k**2 - 12*k + 6. What is the remainder when z(g) is divided by 22?
20
Suppose -3*v - 57 = -255. Let c = 42 - v. Let z = -11 - c. What is the remainder when z is divided by 7?
6
Let v be (-104)/(-24) - 1/3. Let z = v - -30. What is the remainder when z is divided by 12?
10
Suppose -1 - 204 = -5*a. Suppose i - 3*p = 11, 3*i - p - 33 = -2*p. Calculate the remainder when a is divided by i.
8
Let l(f) = 7*f**2 + 9*f + 13. What is the remainder when l(-2) is divided by 6?
5
Suppose -2*b + 165 = 13*b. What is the remainder when 62 is divided by b?
7
Suppose 4*s = 3*s - 9. Let k(t) = -5*t - 3. What is the remainder when k(s) is divided by 11?
9
Suppose -2*c + 8 = 2*c. What is the remainder when 5 is divided by c?
1
Let k = 14 + -9. Suppose -4*j + k*s = -70, -2*j + 28 = -0*j + s. What is the remainder when 29 is divided by j?
14
Let y = -121 + 140. What is the remainder when 75 is divided by y?
18
Suppose -2*r + 145 = 2*w + 23, 0 = -4*w + r + 244. Calculate the remainder when w is divided by 21.
19
Let a be (-4)/10 - 44/(-10). Suppose -v = 2*b - 6 - 3, a*b - 4*v + 12 = 0. Calculate the remainder when b is divided by 1.
0
Suppose -3*y + 33 = -2*d + 7, -33 = -4*y + d. Suppose 2*x - 116 = -2*x. Calculate the remainder when x is divided by y.
5
Suppose -60 = 2*o - 7*o. Suppose -o = -5*n + 13. Suppose -f - 92 = -2*s - 2*s, 5*s = -n*f + 115. Calculate the remainder when s is divided by 12.
11
Let o(c) = 